{"id":147,"date":"2024-10-02T17:18:28","date_gmt":"2024-10-02T15:18:28","guid":{"rendered":"https:\/\/frvsens-recrutement.fr\/?page_id=147"},"modified":"2025-08-25T16:46:50","modified_gmt":"2025-08-25T14:46:50","slug":"recrutement","status":"publish","type":"page","link":"https:\/\/frvsens-recrutement.fr\/index.php\/recrutement\/","title":{"rendered":"Recrutement"},"content":{"rendered":"\n<div class=\"wp-block-cover aligncenter is-light\" style=\"border-style:none;border-width:0px;border-radius:100px;padding-top:0;padding-bottom:0;min-height:151px;aspect-ratio:unset;\"><span aria-hidden=\"true\" class=\"wp-block-cover__background has-background-dim\" style=\"background-color:#cbb694\"><\/span><img loading=\"lazy\" decoding=\"async\" width=\"1280\" height=\"640\" class=\"wp-block-cover__image-background wp-image-728\" alt=\"\" src=\"http:\/\/frvsens-recrutement.fr\/wp-content\/uploads\/2024\/10\/ai-generated-8647195_1280-1.jpg\" style=\"object-position:36% 85%\" data-object-fit=\"cover\" data-object-position=\"36% 85%\" srcset=\"https:\/\/frvsens-recrutement.fr\/wp-content\/uploads\/2024\/10\/ai-generated-8647195_1280-1.jpg 1280w, https:\/\/frvsens-recrutement.fr\/wp-content\/uploads\/2024\/10\/ai-generated-8647195_1280-1-300x150.jpg 300w, https:\/\/frvsens-recrutement.fr\/wp-content\/uploads\/2024\/10\/ai-generated-8647195_1280-1-1024x512.jpg 1024w, https:\/\/frvsens-recrutement.fr\/wp-content\/uploads\/2024\/10\/ai-generated-8647195_1280-1-768x384.jpg 768w\" sizes=\"auto, (max-width: 1280px) 100vw, 1280px\" \/><div class=\"wp-block-cover__inner-container is-layout-flow wp-block-cover-is-layout-flow\">\n<p class=\"has-text-align-center\" style=\"font-size:33px\"><em><strong>Le recrutement BY frv&rsquo;Sens<\/strong><\/em><\/p>\n<\/div><\/div>\n\n\n<style>.wp-block-kadence-advancedheading.kt-adv-heading147_4a40b0-f5, .wp-block-kadence-advancedheading.kt-adv-heading147_4a40b0-f5[data-kb-block=\"kb-adv-heading147_4a40b0-f5\"]{text-align:center;font-style:normal;}.wp-block-kadence-advancedheading.kt-adv-heading147_4a40b0-f5 mark.kt-highlight, .wp-block-kadence-advancedheading.kt-adv-heading147_4a40b0-f5[data-kb-block=\"kb-adv-heading147_4a40b0-f5\"] mark.kt-highlight{font-style:normal;color:#f76a0c;-webkit-box-decoration-break:clone;box-decoration-break:clone;padding-top:0px;padding-right:0px;padding-bottom:0px;padding-left:0px;}.wp-block-kadence-advancedheading.kt-adv-heading147_4a40b0-f5 img.kb-inline-image, .wp-block-kadence-advancedheading.kt-adv-heading147_4a40b0-f5[data-kb-block=\"kb-adv-heading147_4a40b0-f5\"] img.kb-inline-image{width:150px;vertical-align:baseline;}<\/style>\n<h2 class=\"kt-adv-heading147_4a40b0-f5 wp-block-kadence-advancedheading\" data-kb-block=\"kb-adv-heading147_4a40b0-f5\"><em>Notre mission <\/em><\/h2>\n\n\n\n<p class=\"has-text-align-center\">Notre mission : connecter les talents aux entreprises qui partagent nos valeurs de transparence, d\u2019ouverture, de curiosit\u00e9, d\u2019engagement et de bienveillance.<br>Au del\u00e0 des comp\u00e9tences techniques, nous prenons en compte les motivations individuelles et les talents naturels de chacun pour donner du sens aux missions quotidiennes. <\/p>\n\n\n\n<p class=\"has-text-align-center\">Et ce n&rsquo;est pas qu&rsquo;une promesse ! <\/p>\n\n\n<style>.wp-block-kadence-iconlist.kt-svg-icon-list-items147_ffcf25-8d:not(.this-stops-third-party-issues){margin-top:0px;margin-bottom:0px;}.wp-block-kadence-iconlist.kt-svg-icon-list-items147_ffcf25-8d ul.kt-svg-icon-list:not(.this-prevents-issues):not(.this-stops-third-party-issues):not(.tijsloc){margin-top:0px;margin-right:0px;margin-bottom:var(--global-kb-spacing-sm, 1.5rem);margin-left:0px;}.wp-block-kadence-iconlist.kt-svg-icon-list-items147_ffcf25-8d ul.kt-svg-icon-list{grid-row-gap:5px;}.wp-block-kadence-iconlist.kt-svg-icon-list-items147_ffcf25-8d ul.kt-svg-icon-list .kt-svg-icon-list-item-wrap .kt-svg-icon-list-single{margin-right:10px;}.kt-svg-icon-list-items147_ffcf25-8d ul.kt-svg-icon-list .kt-svg-icon-list-level-0 .kt-svg-icon-list-single svg{font-size:20px;}<\/style>\n<div class=\"wp-block-kadence-iconlist kt-svg-icon-list-items kt-svg-icon-list-items147_ffcf25-8d kt-svg-icon-list-columns-1 alignnone\"><ul class=\"kt-svg-icon-list\"><style>.kt-svg-icon-list-item-147_6ea9d4-b3 .kt-svg-icon-list-text mark.kt-highlight{background-color:unset;font-style:normal;color:#f76a0c;-webkit-box-decoration-break:clone;box-decoration-break:clone;padding-top:0px;padding-right:0px;padding-bottom:0px;padding-left:0px;}<\/style>\n<li class=\"wp-block-kadence-listitem kt-svg-icon-list-item-wrap kt-svg-icon-list-item-147_6ea9d4-b3 kt-svg-icon-list-level-5\"><span class=\"kb-svg-icon-wrap kb-svg-icon-fe_checkCircle kt-svg-icon-list-single\"><svg viewBox=\"0 0 24 24\"  fill=\"none\" stroke=\"currentColor\" stroke-width=\"2\" stroke-linecap=\"round\" stroke-linejoin=\"round\" xmlns=\"http:\/\/www.w3.org\/2000\/svg\"  aria-hidden=\"true\"><path d=\"M22 11.08V12a10 10 0 1 1-5.93-9.14\"\/><polyline points=\"22 4 12 14.01 9 11.01\"\/><\/svg><\/span><span class=\"kt-svg-icon-list-text\"><strong>Transparence<\/strong> : La confiance est la cl\u00e9 d\u2019une collaboration r\u00e9ussie. Nous privil\u00e9gions une communication claire et honn\u00eate \u00e0 chaque \u00e9tape.<\/span><\/li>\n\n\n<style>.kt-svg-icon-list-item-147_91346d-16 .kt-svg-icon-list-text mark.kt-highlight{background-color:unset;font-style:normal;color:#f76a0c;-webkit-box-decoration-break:clone;box-decoration-break:clone;padding-top:0px;padding-right:0px;padding-bottom:0px;padding-left:0px;}<\/style>\n<li class=\"wp-block-kadence-listitem kt-svg-icon-list-item-wrap kt-svg-icon-list-item-147_91346d-16 kt-svg-icon-list-level-5\"><span class=\"kb-svg-icon-wrap kb-svg-icon-fe_checkCircle kt-svg-icon-list-single\"><svg viewBox=\"0 0 24 24\"  fill=\"none\" stroke=\"currentColor\" stroke-width=\"2\" stroke-linecap=\"round\" stroke-linejoin=\"round\" xmlns=\"http:\/\/www.w3.org\/2000\/svg\"  aria-hidden=\"true\"><path d=\"M22 11.08V12a10 10 0 1 1-5.93-9.14\"\/><polyline points=\"22 4 12 14.01 9 11.01\"\/><\/svg><\/span><span class=\"kt-svg-icon-list-text\"><strong>Ouverture<\/strong> : Notre approche inclusive nous permet de comprendre les besoins de chaque client tout en restant attentifs aux talents vari\u00e9s.<\/span><\/li>\n\n\n<style>.kt-svg-icon-list-item-147_019efa-8f .kt-svg-icon-list-text mark.kt-highlight{background-color:unset;font-style:normal;color:#f76a0c;-webkit-box-decoration-break:clone;box-decoration-break:clone;padding-top:0px;padding-right:0px;padding-bottom:0px;padding-left:0px;}<\/style>\n<li class=\"wp-block-kadence-listitem kt-svg-icon-list-item-wrap kt-svg-icon-list-item-147_019efa-8f kt-svg-icon-list-level-5\"><span class=\"kb-svg-icon-wrap kb-svg-icon-fe_checkCircle kt-svg-icon-list-single\"><svg viewBox=\"0 0 24 24\"  fill=\"none\" stroke=\"currentColor\" stroke-width=\"2\" stroke-linecap=\"round\" stroke-linejoin=\"round\" xmlns=\"http:\/\/www.w3.org\/2000\/svg\"  aria-hidden=\"true\"><path d=\"M22 11.08V12a10 10 0 1 1-5.93-9.14\"\/><polyline points=\"22 4 12 14.01 9 11.01\"\/><\/svg><\/span><span class=\"kt-svg-icon-list-text\"><strong>Curiosit\u00e9<\/strong> : Nous avons une curiosit\u00e9 insatiable pour les secteurs que nous couvrons, ce qui nous aide \u00e0 identifier les meilleures opportunit\u00e9s.<\/span><\/li>\n\n\n<style>.kt-svg-icon-list-item-147_c20e6e-fa .kt-svg-icon-list-text mark.kt-highlight{background-color:unset;font-style:normal;color:#f76a0c;-webkit-box-decoration-break:clone;box-decoration-break:clone;padding-top:0px;padding-right:0px;padding-bottom:0px;padding-left:0px;}<\/style>\n<li class=\"wp-block-kadence-listitem kt-svg-icon-list-item-wrap kt-svg-icon-list-item-147_c20e6e-fa kt-svg-icon-list-level-5\"><span class=\"kb-svg-icon-wrap kb-svg-icon-fe_checkCircle kt-svg-icon-list-single\"><svg viewBox=\"0 0 24 24\"  fill=\"none\" stroke=\"currentColor\" stroke-width=\"2\" stroke-linecap=\"round\" stroke-linejoin=\"round\" xmlns=\"http:\/\/www.w3.org\/2000\/svg\"  aria-hidden=\"true\"><path d=\"M22 11.08V12a10 10 0 1 1-5.93-9.14\"\/><polyline points=\"22 4 12 14.01 9 11.01\"\/><\/svg><\/span><span class=\"kt-svg-icon-list-text\"><strong>Engagement<\/strong> : Nous nous investissons pleinement pour fournir des solutions sur mesure \u00e0 nos clients et candidats.<\/span><\/li>\n\n\n<style>.kt-svg-icon-list-item-147_943d24-17 .kt-svg-icon-list-text mark.kt-highlight{background-color:unset;font-style:normal;color:#f76a0c;-webkit-box-decoration-break:clone;box-decoration-break:clone;padding-top:0px;padding-right:0px;padding-bottom:0px;padding-left:0px;}<\/style>\n<li class=\"wp-block-kadence-listitem kt-svg-icon-list-item-wrap kt-svg-icon-list-item-147_943d24-17 kt-svg-icon-list-level-5\"><span class=\"kb-svg-icon-wrap kb-svg-icon-fe_checkCircle kt-svg-icon-list-single\"><svg viewBox=\"0 0 24 24\"  fill=\"none\" stroke=\"currentColor\" stroke-width=\"2\" stroke-linecap=\"round\" stroke-linejoin=\"round\" xmlns=\"http:\/\/www.w3.org\/2000\/svg\"  aria-hidden=\"true\"><path d=\"M22 11.08V12a10 10 0 1 1-5.93-9.14\"\/><polyline points=\"22 4 12 14.01 9 11.01\"\/><\/svg><\/span><span class=\"kt-svg-icon-list-text\"><strong>Bienveillance<\/strong> : L\u2019humain est au c\u0153ur de notre activit\u00e9, favorisant des interactions respectueuses et positives.<\/span><\/li>\n<\/ul><\/div>\n\n\n\n<p class=\"has-text-align-center\"><strong><em>Rejoignez-nous dans cette d\u00e9marche unique o\u00f9 chaque rencontre enrichit le paysage professionnel. Pour en savoir plus, n\u2019h\u00e9sitez pas \u00e0 nous contacter !<\/em><\/strong><\/p>\n\n\n\n<div class=\"wp-block-buttons is-content-justification-center is-layout-flex wp-container-core-buttons-is-layout-16018d1d wp-block-buttons-is-layout-flex\">\n<div class=\"wp-block-button\"><a class=\"wp-block-button__link has-background wp-element-button\" href=\"https:\/\/frvsens-recrutement.fr\/index.php\/contact-3\/\" style=\"background-color:#e46f11\">Contact<\/a><\/div>\n<\/div>\n\n\n\n<p><\/p>\n","protected":false},"excerpt":{"rendered":"<p>Notre mission Notre mission : connecter les talents aux entreprises qui partagent nos valeurs de transparence, d\u2019ouverture, de curiosit\u00e9, d\u2019engagement et de bienveillance.Au del\u00e0 des comp\u00e9tences techniques, nous prenons en compte les motivations individuelles et les talents naturels de chacun pour donner du sens aux missions quotidiennes. Et ce n&rsquo;est pas qu&rsquo;une promesse ! Rejoignez-nous&#8230;<\/p>\n","protected":false},"author":1,"featured_media":0,"parent":0,"menu_order":0,"comment_status":"closed","ping_status":"closed","template":"","meta":{"_kad_post_transparent":"","_kad_post_title":"","_kad_post_layout":"","_kad_post_sidebar_id":"","_kad_post_content_style":"","_kad_post_vertical_padding":"","_kad_post_feature":"","_kad_post_feature_position":"","_kad_post_header":false,"_kad_post_footer":false,"footnotes":""},"class_list":["post-147","page","type-page","status-publish","hentry"],"_links":{"self":[{"href":"https:\/\/frvsens-recrutement.fr\/index.php\/wp-json\/wp\/v2\/pages\/147","targetHints":{"allow":["GET"]}}],"collection":[{"href":"https:\/\/frvsens-recrutement.fr\/index.php\/wp-json\/wp\/v2\/pages"}],"about":[{"href":"https:\/\/frvsens-recrutement.fr\/index.php\/wp-json\/wp\/v2\/types\/page"}],"author":[{"embeddable":true,"href":"https:\/\/frvsens-recrutement.fr\/index.php\/wp-json\/wp\/v2\/users\/1"}],"replies":[{"embeddable":true,"href":"https:\/\/frvsens-recrutement.fr\/index.php\/wp-json\/wp\/v2\/comments?post=147"}],"version-history":[{"count":26,"href":"https:\/\/frvsens-recrutement.fr\/index.php\/wp-json\/wp\/v2\/pages\/147\/revisions"}],"predecessor-version":[{"id":802,"href":"https:\/\/frvsens-recrutement.fr\/index.php\/wp-json\/wp\/v2\/pages\/147\/revisions\/802"}],"wp:attachment":[{"href":"https:\/\/frvsens-recrutement.fr\/index.php\/wp-json\/wp\/v2\/media?parent=147"}],"curies":[{"name":"wp","href":"https:\/\/api.w.org\/{rel}","templated":true}]}}